{"id":1413,"date":"2024-09-04T05:43:57","date_gmt":"2024-09-04T05:43:57","guid":{"rendered":"https:\/\/mieisabell.dk\/?page_id=1413"},"modified":"2024-09-11T17:37:16","modified_gmt":"2024-09-11T17:37:16","slug":"kvittering-for-koeb-af-samtalevenne-kort","status":"publish","type":"page","link":"https:\/\/mieisabell.dk\/index.php\/kvittering-for-koeb-af-samtalevenne-kort\/","title":{"rendered":"Kvittering for k\u00f8b af samtalevenne-kort"},"content":{"rendered":"\t\t<div data-elementor-type=\"wp-page\" data-elementor-id=\"1413\" class=\"elementor elementor-1413\">\n\t\t\t\t\t\t<section class=\"elementor-section elementor-top-section elementor-element elementor-element-258a25b elementor-section-boxed elementor-section-height-default elementor-section-height-default\" data-id=\"258a25b\" data-element_type=\"section\" data-e-type=\"section\">\n\t\t\t\t\t\t<div class=\"elementor-container elementor-column-gap-default\">\n\t\t\t\t\t<div class=\"elementor-column elementor-col-100 elementor-top-column elementor-element elementor-element-5caffd9\" data-id=\"5caffd9\" data-element_type=\"column\" data-e-type=\"column\">\n\t\t\t<div class=\"elementor-widget-wrap elementor-element-populated\">\n\t\t\t\t\t\t<div class=\"elementor-element elementor-element-708111b elementor-widget elementor-widget-text-editor\" data-id=\"708111b\" data-element_type=\"widget\" data-e-type=\"widget\" data-widget_type=\"text-editor.default\">\n\t\t\t\t<div class=\"elementor-widget-container\">\n\t\t\t\t\t\t\t\t\t<p style=\"--ezme-background-primary: hsla(15, 11%, 49%, 1); --ezme-background-primary-dark: hsla(15, 11%, 39%, 1); --ezme-background-primary-light: hsla(15, 11%, 49%, 1); --ezme-border-primary: hsla(15, 11%, 49%, 1); --ezme-border-primary-dark: hsla(15, 11%, 49%, 1); --ezme-border-primary-light: hsla(15, 11%, 49%, 1); --ezme-ring-primary: hsla(15, 11%, 49%, 1); --ezme-ring-primary-dark: hsla(15, 11%, 49%, 1); --ezme-ring-primary-light: hsla(15, 11%, 49%, 1); --ezme-color-text-primary: hsla(15, 11%, 49%, 1); --ezme-color-text-primary-dark: hsla(15, 11%, 39%, 1); --ezme-color-text-primary-light: hsla(15, 11%, 49%, 1); text-align: center;\"><span style=\"font-size: 1rem;\">Tak for dit k\u00f8b af Samtalevenner-kort hos Mie Isabell.<\/span><\/p><p style=\"--ezme-background-primary: hsla(15, 11%, 49%, 1); --ezme-background-primary-dark: hsla(15, 11%, 39%, 1); --ezme-background-primary-light: hsla(15, 11%, 49%, 1); --ezme-border-primary: hsla(15, 11%, 49%, 1); --ezme-border-primary-dark: hsla(15, 11%, 49%, 1); --ezme-border-primary-light: hsla(15, 11%, 49%, 1); --ezme-ring-primary: hsla(15, 11%, 49%, 1); --ezme-ring-primary-dark: hsla(15, 11%, 49%, 1); --ezme-ring-primary-light: hsla(15, 11%, 49%, 1); --ezme-color-text-primary: hsla(15, 11%, 49%, 1); --ezme-color-text-primary-dark: hsla(15, 11%, 39%, 1); --ezme-color-text-primary-light: hsla(15, 11%, 49%, 1); text-align: center;\">Din bestilling er nu modtaget og vil blive h\u00e5ndteret hurtigst muligt. Du vil ogs\u00e5 modtage denne bekr\u00e6ftelse p\u00e5 mail.<\/p><p style=\"--ezme-background-primary: hsla(15, 11%, 49%, 1); --ezme-background-primary-dark: hsla(15, 11%, 39%, 1); --ezme-background-primary-light: hsla(15, 11%, 49%, 1); --ezme-border-primary: hsla(15, 11%, 49%, 1); --ezme-border-primary-dark: hsla(15, 11%, 49%, 1); --ezme-border-primary-light: hsla(15, 11%, 49%, 1); --ezme-ring-primary: hsla(15, 11%, 49%, 1); --ezme-ring-primary-dark: hsla(15, 11%, 49%, 1); --ezme-ring-primary-light: hsla(15, 11%, 49%, 1); --ezme-color-text-primary: hsla(15, 11%, 49%, 1); --ezme-color-text-primary-dark: hsla(15, 11%, 39%, 1); --ezme-color-text-primary-light: hsla(15, 11%, 49%, 1); text-align: center;\">N\u00e5r jeg har klargjort din bestilling og afsendt den til dig, vil du modtage en e-mail med informationer.<\/p><p style=\"--ezme-background-primary: hsla(15, 11%, 49%, 1); --ezme-background-primary-dark: hsla(15, 11%, 39%, 1); --ezme-background-primary-light: hsla(15, 11%, 49%, 1); --ezme-border-primary: hsla(15, 11%, 49%, 1); --ezme-border-primary-dark: hsla(15, 11%, 49%, 1); --ezme-border-primary-light: hsla(15, 11%, 49%, 1); --ezme-ring-primary: hsla(15, 11%, 49%, 1); --ezme-ring-primary-dark: hsla(15, 11%, 49%, 1); --ezme-ring-primary-light: hsla(15, 11%, 49%, 1); --ezme-color-text-primary: hsla(15, 11%, 49%, 1); --ezme-color-text-primary-dark: hsla(15, 11%, 39%, 1); --ezme-color-text-primary-light: hsla(15, 11%, 49%, 1); text-align: center;\">Med venlig hilsen<br style=\"--ezme-background-primary: hsla(15, 11%, 49%, 1); --ezme-background-primary-dark: hsla(15, 11%, 39%, 1); --ezme-background-primary-light: hsla(15, 11%, 49%, 1); --ezme-border-primary: hsla(15, 11%, 49%, 1); --ezme-border-primary-dark: hsla(15, 11%, 49%, 1); --ezme-border-primary-light: hsla(15, 11%, 49%, 1); --ezme-ring-primary: hsla(15, 11%, 49%, 1); --ezme-ring-primary-dark: hsla(15, 11%, 49%, 1); --ezme-ring-primary-light: hsla(15, 11%, 49%, 1); --ezme-color-text-primary: hsla(15, 11%, 49%, 1); --ezme-color-text-primary-dark: hsla(15, 11%, 39%, 1); --ezme-color-text-primary-light: hsla(15, 11%, 49%, 1);\" \/><em style=\"--ezme-background-primary: hsla(15, 11%, 49%, 1); --ezme-background-primary-dark: hsla(15, 11%, 39%, 1); --ezme-background-primary-light: hsla(15, 11%, 49%, 1); --ezme-border-primary: hsla(15, 11%, 49%, 1); --ezme-border-primary-dark: hsla(15, 11%, 49%, 1); --ezme-border-primary-light: hsla(15, 11%, 49%, 1); --ezme-ring-primary: hsla(15, 11%, 49%, 1); --ezme-ring-primary-dark: hsla(15, 11%, 49%, 1); --ezme-ring-primary-light: hsla(15, 11%, 49%, 1); --ezme-color-text-primary: hsla(15, 11%, 49%, 1); --ezme-color-text-primary-dark: hsla(15, 11%, 39%, 1); --ezme-color-text-primary-light: hsla(15, 11%, 49%, 1);\">Mie Isabell<\/em><\/p>\t\t\t\t\t\t\t\t<\/div>\n\t\t\t\t<\/div>\n\t\t\t\t\t<\/div>\n\t\t<\/div>\n\t\t\t\t\t<\/div>\n\t\t<\/section>\n\t\t\t\t<\/div>\n\t\t","protected":false},"excerpt":{"rendered":"<p>Tak for dit k\u00f8b af Samtalevenner-kort hos Mie Isabell. Din bestilling er nu modtaget og vil blive h\u00e5ndteret hurtigst muligt. Du vil ogs\u00e5 modtage denne bekr\u00e6ftelse p\u00e5 mail. N\u00e5r jeg har klargjort din bestilling og afsendt den til dig, vil du modtage en e-mail med informationer. Med venlig hilsenMie Isabell<\/p>\n","protected":false},"author":1,"featured_media":0,"parent":0,"menu_order":0,"comment_status":"closed","ping_status":"closed","template":"","meta":{"footnotes":""},"class_list":["post-1413","page","type-page","status-publish","hentry"],"_links":{"self":[{"href":"https:\/\/mieisabell.dk\/index.php\/wp-json\/wp\/v2\/pages\/1413","targetHints":{"allow":["GET"]}}],"collection":[{"href":"https:\/\/mieisabell.dk\/index.php\/wp-json\/wp\/v2\/pages"}],"about":[{"href":"https:\/\/mieisabell.dk\/index.php\/wp-json\/wp\/v2\/types\/page"}],"author":[{"embeddable":true,"href":"https:\/\/mieisabell.dk\/index.php\/wp-json\/wp\/v2\/users\/1"}],"replies":[{"embeddable":true,"href":"https:\/\/mieisabell.dk\/index.php\/wp-json\/wp\/v2\/comments?post=1413"}],"version-history":[{"count":16,"href":"https:\/\/mieisabell.dk\/index.php\/wp-json\/wp\/v2\/pages\/1413\/revisions"}],"predecessor-version":[{"id":1566,"href":"https:\/\/mieisabell.dk\/index.php\/wp-json\/wp\/v2\/pages\/1413\/revisions\/1566"}],"wp:attachment":[{"href":"https:\/\/mieisabell.dk\/index.php\/wp-json\/wp\/v2\/media?parent=1413"}],"curies":[{"name":"wp","href":"https:\/\/api.w.org\/{rel}","templated":true}]}}